{"id":2,"date":"2016-05-10T03:48:21","date_gmt":"2016-05-10T03:48:21","guid":{"rendered":"http:\/\/benjaminstark.com\/?page_id=2"},"modified":"2022-12-04T21:03:15","modified_gmt":"2022-12-04T20:03:15","slug":"sample-page","status":"publish","type":"page","link":"https:\/\/www.pensionberger.com\/","title":{"rendered":"Pension Berger"},"content":{"rendered":"<p>Die Pension Berger ist ein ehemaliger Vierseiten-Bauernhof.<\/p>\n<p>Sie befindet s\u00fcdlich von Berlin im Nuthe-Urstromtal in der Kulturlandschaft des Fl\u00e4ming.<\/p>\n<p>Es handelt sich um eine der beliebtesten Urlaubsregionen des Landes Brandenburg.<\/p>\n<p><img decoding=\"async\" loading=\"lazy\" class=\"aligncenter wp-image-16 size-full\" src=\"http:\/\/neu.pensionberger.com\/wp-content\/uploads\/2018\/02\/cropped-MG_1797hausfront_4_web-3.jpg\" alt=\"\" width=\"2000\" height=\"1199\" srcset=\"https:\/\/www.pensionberger.com\/wp-content\/uploads\/2018\/02\/cropped-MG_1797hausfront_4_web-3.jpg 2000w, https:\/\/www.pensionberger.com\/wp-content\/uploads\/2018\/02\/cropped-MG_1797hausfront_4_web-3-300x180.jpg 300w, https:\/\/www.pensionberger.com\/wp-content\/uploads\/2018\/02\/cropped-MG_1797hausfront_4_web-3-768x460.jpg 768w, https:\/\/www.pensionberger.com\/wp-content\/uploads\/2018\/02\/cropped-MG_1797hausfront_4_web-3-1024x614.jpg 1024w\" sizes=\"(max-width: 767px) 89vw, (max-width: 1000px) 54vw, (max-width: 1071px) 543px, 580px\" \/><\/p>\n<p>Unser Haus befindet sich direkt an Europas l\u00e4ngster Inline-Skating-Bahn, der <a class=\"blue\" href=\"http:\/\/www.flaeming-skate.de\/\" target=\"_blank\" rel=\"noopener\">Fl\u00e4ming-Skate<\/a>\u00ae.<\/p>\n<p>Nahe Ausflugsm\u00f6glichkeiten sind unter anderem die <a href=\"http:\/\/www.erlebnisbahn.de\" target=\"_blank\" rel=\"noopener\">Erlebnisbahn<\/a> (Eisenbahn-Draisine), die <a href=\"http:\/\/www.flaemingtherme.de\/\" target=\"_blank\" rel=\"noopener\">Fl\u00e4ming-Therme<\/a> im 5-km entfernten Luckenwalde, Seen in naher Umgebung und die tropische\u00a0Urlaubswelt <a href=\"http:\/\/www.tropical-islands.de\/\" target=\"_blank\" rel=\"noopener\">Tropical Island<\/a>.<\/p>\n<p align=\"left\">Das Zentrum Berlins ist mit der <a href=\"http:\/\/reiseauskunft.bahn.de\" target=\"_blank\" rel=\"noopener\">Bahn<\/a> in 35 Minuten von Luckenwalde erreichbar.<!-- end #mainContent --><\/p>\n<p align=\"left\">Aktuelle Informationen zu Neuerungen in unserem Haus finden Sie unter <a href=\"https:\/\/www.pensionberger.com\/?page_id=165\">Aktuelles<\/a>. Derzeit setzen wir ein Modernisierungsprojekt um, dass durch Mittel des Europ\u00e4ischen Fonds f\u00fcr Regionale Entwicklung der Europ\u00e4ischen Union unterst\u00fctzt wird.<\/p>\n<p align=\"left\">\n","protected":false},"excerpt":{"rendered":"<p>Die Pension Berger ist ein ehemaliger Vierseiten-Bauernhof. Sie befindet s\u00fcdlich von Berlin im Nuthe-Urstromtal in der Kulturlandschaft des Fl\u00e4ming. Es handelt sich um eine der beliebtesten Urlaubsregionen des Landes Brandenburg. Unser Haus befindet sich direkt an Europas l\u00e4ngster Inline-Skating-Bahn, der Fl\u00e4ming-Skate\u00ae. Nahe Ausflugsm\u00f6glichkeiten sind unter anderem die Erlebnisbahn (Eisenbahn-Draisine), die Fl\u00e4ming-Therme im 5-km entfernten Luckenwalde, &hellip; <\/p>\n<p class=\"link-more\"><a href=\"https:\/\/www.pensionberger.com\/\" class=\"more-link\"><span class=\"screen-reader-text\">\u201ePension Berger\u201c<\/span> weiterlesen<\/a><\/p>\n","protected":false},"author":1,"featured_media":0,"parent":0,"menu_order":0,"comment_status":"closed","ping_status":"open","template":"","meta":[],"_links":{"self":[{"href":"https:\/\/www.pensionberger.com\/index.php?rest_route=\/wp\/v2\/pages\/2"}],"collection":[{"href":"https:\/\/www.pensionberger.com\/index.php?rest_route=\/wp\/v2\/pages"}],"about":[{"href":"https:\/\/www.pensionberger.com\/index.php?rest_route=\/wp\/v2\/types\/page"}],"author":[{"embeddable":true,"href":"https:\/\/www.pensionberger.com\/index.php?rest_route=\/wp\/v2\/users\/1"}],"replies":[{"embeddable":true,"href":"https:\/\/www.pensionberger.com\/index.php?rest_route=%2Fwp%2Fv2%2Fcomments&post=2"}],"version-history":[{"count":8,"href":"https:\/\/www.pensionberger.com\/index.php?rest_route=\/wp\/v2\/pages\/2\/revisions"}],"predecessor-version":[{"id":215,"href":"https:\/\/www.pensionberger.com\/index.php?rest_route=\/wp\/v2\/pages\/2\/revisions\/215"}],"wp:attachment":[{"href":"https:\/\/www.pensionberger.com\/index.php?rest_route=%2Fwp%2Fv2%2Fmedia&parent=2"}],"curies":[{"name":"wp","href":"https:\/\/api.w.org\/{rel}","templated":true}]}}